{"id":20,"date":"2013-06-09T07:11:43","date_gmt":"2013-06-09T05:11:43","guid":{"rendered":"http:\/\/osprzepiennikbiskupi.pl\/wordpress\/?page_id=20"},"modified":"2016-05-01T14:25:18","modified_gmt":"2016-05-01T12:25:18","slug":"strona-glowna","status":"publish","type":"page","link":"http:\/\/osprzepiennikbiskupi.pl\/wordpress\/","title":{"rendered":"Strona G\u0142\u00f3wna"},"content":{"rendered":"<h2 style=\"text-align: center;\"><span style=\"color: #ff0000;\"><strong><span style=\"font-size: xx-large;\">Ochotnicza Stra\u017c Po\u017carna<\/span><\/strong><\/span><\/h2>\n<h2 style=\"text-align: center;\"><span style=\"color: #ff0000;\"><strong>w<\/strong><\/span><\/h2>\n<h2 style=\"text-align: center;\"><span style=\"color: #ff0000;\"><strong><span style=\"font-size: xx-large;\">Rzepienniku Biskupim<\/span><\/strong><\/span><\/h2>\n<div style=\"text-align: center;\"><span style=\"color: #000000;\"><strong>.<\/strong><\/span><\/div>\n<div style=\"text-align: center;\"><span style=\"color: #000000; font-size: x-large;\"><strong>Rok powstania: 1960\u00a0<\/strong><br \/>\n<\/span><\/div>\n<div style=\"text-align: center;\"><span style=\"color: #000000;\">\u00a0<\/span><\/div>\n<div style=\"text-align: justify;\">\n<h1 style=\"text-align: left;\"><span style=\"color: #000000;\">\u00a0 \u00a0<strong> \u00a0 Zarz\u0105d:<\/strong><\/span><\/h1>\n<p style=\"text-align: left;\"><span style=\"color: #000000;\">\u00a0<\/span><\/p>\n<\/div>\n<div style=\"padding-left: 30px; text-align: center;\">\n<ul>\n<li style=\"text-align: left;\"><span style=\"color: #000000;\"><strong>\u00a0 \u00a0 \u00a0Prezes: \u00a0 \u00a0 \u00a0 \u00a0 \u00a0 \u00a0 \u00a0 \u00a0 \u00a0 \u00a0 \u00a0 \u00a0 \u00a0 \u00a0 \u00a0 \u00a0 Kie\u0142tyka \u0141ukasz<\/strong><\/span><\/li>\n<li style=\"text-align: left;\"><span style=\"color: #000000;\"><strong>\u00a0 \u00a0 \u00a0Wiceprezes: \u00a0 \u00a0 \u00a0 \u00a0 \u00a0 \u00a0 \u00a0 \u00a0 \u00a0 \u00a0 \u00a0 \u00a0Serafin Zdzis\u0142aw<\/strong><\/span><\/li>\n<li style=\"text-align: left;\"><span style=\"color: #000000;\"><strong>\u00a0 \u00a0 \u00a0Naczelnik: \u00a0 \u00a0 \u00a0 \u00a0 \u00a0 \u00a0 \u00a0 \u00a0 \u00a0 \u00a0 \u00a0 \u00a0 \u00a0 \u00a0Wiktorek Pawe\u0142<\/strong><\/span><\/li>\n<li style=\"text-align: left;\"><span style=\"color: #000000;\"><strong>\u00a0 \u00a0 \u00a0Zast\u0119pca Naczelnika: \u00a0 \u00a0 \u00a0 \u00a0 Serafin Dawid<\/strong><\/span><\/li>\n<li style=\"text-align: left;\"><span style=\"color: #000000;\">\u00a0 \u00a0\u00a0\u00a0<strong>Skarbnik: \u00a0 \u00a0 \u00a0 \u00a0 \u00a0 \u00a0 \u00a0 \u00a0 \u00a0 \u00a0 \u00a0 \u00a0 \u00a0 \u00a0 Firlit Ryszard<\/strong><\/span><\/li>\n<li style=\"text-align: left;\"><span style=\"color: #000000;\"><strong>\u00a0 \u00a0 \u00a0Kronikarz:\u00a0 \u00a0 \u00a0 \u00a0 \u00a0 \u00a0 \u00a0 \u00a0 \u00a0 \u00a0 \u00a0 \u00a0 \u00a0 \u00a0 Bajorek Mateusz<\/strong><\/span><\/li>\n<li style=\"text-align: left;\"><span style=\"color: #000000;\">\u00a0 \u00a0 \u00a0<strong>Cz\u0142onek zarz\u0105du: \u00a0 \u00a0 \u00a0 \u00a0 \u00a0 \u00a0 \u00a0 \u00a0Bajorek <\/strong><strong>Wies\u0142aw<\/strong><\/span><\/li>\n<li style=\"text-align: left;\"><span style=\"color: #000000;\"><strong>\u00a0 \u00a0 \u00a0Sekretarz: \u00a0 \u00a0 \u00a0 \u00a0 \u00a0 \u00a0 \u00a0 \u00a0 \u00a0 \u00a0 \u00a0 \u00a0 \u00a0 \u00a0Bajorek Bronis\u0142aw<\/strong><\/span><\/li>\n<li style=\"text-align: left;\"><span style=\"color: #000000;\"><strong>\u00a0 \u00a0 \u00a0Gospodarz: \u00a0 \u00a0 \u00a0 \u00a0 \u00a0 \u00a0 \u00a0 \u00a0 \u00a0 \u00a0 \u00a0 \u00a0 Bajorek Pawe\u0142<\/strong><\/span><\/li>\n<\/ul>\n<div><span style=\"color: #000000;\">\u00a0<\/span><\/div>\n<p><span style=\"color: #000000;\"><img data-recalc-dims=\"1\" loading=\"lazy\" decoding=\"async\" data-attachment-id=\"1169\" data-permalink=\"http:\/\/osprzepiennikbiskupi.pl\/wordpress\/strona-glowna\/sony-dsc-2\/\" data-orig-file=\"https:\/\/i0.wp.com\/osprzepiennikbiskupi.pl\/wordpress\/wp-content\/uploads\/2013\/06\/DSC06794.jpg?fit=2992%2C1683\" data-orig-size=\"2992,1683\" data-comments-opened=\"0\" data-image-meta=\"{&quot;aperture&quot;:&quot;5.6&quot;,&quot;credit&quot;:&quot;&quot;,&quot;camera&quot;:&quot;DSLR-A230&quot;,&quot;caption&quot;:&quot;SONY DSC&quot;,&quot;created_timestamp&quot;:&quot;1455392561&quot;,&quot;copyright&quot;:&quot;&quot;,&quot;focal_length&quot;:&quot;28&quot;,&quot;iso&quot;:&quot;400&quot;,&quot;shutter_speed&quot;:&quot;0.016666666666667&quot;,&quot;title&quot;:&quot;SONY DSC&quot;,&quot;orientation&quot;:&quot;1&quot;}\" data-image-title=\"SONY DSC\" data-image-description=\"\" data-image-caption=\"&lt;p&gt;SONY DSC&lt;\/p&gt;\n\" data-large-file=\"https:\/\/i0.wp.com\/osprzepiennikbiskupi.pl\/wordpress\/wp-content\/uploads\/2013\/06\/DSC06794.jpg?fit=1024%2C576\" class=\"aligncenter wp-image-1169 size-full\" src=\"https:\/\/i0.wp.com\/osprzepiennikbiskupi.pl\/wordpress\/wp-content\/uploads\/2013\/06\/DSC06794.jpg?resize=1170%2C658\" alt=\"\" width=\"1170\" height=\"658\" srcset=\"https:\/\/i0.wp.com\/osprzepiennikbiskupi.pl\/wordpress\/wp-content\/uploads\/2013\/06\/DSC06794.jpg?w=2992 2992w, https:\/\/i0.wp.com\/osprzepiennikbiskupi.pl\/wordpress\/wp-content\/uploads\/2013\/06\/DSC06794.jpg?resize=300%2C169 300w, https:\/\/i0.wp.com\/osprzepiennikbiskupi.pl\/wordpress\/wp-content\/uploads\/2013\/06\/DSC06794.jpg?resize=768%2C432 768w, https:\/\/i0.wp.com\/osprzepiennikbiskupi.pl\/wordpress\/wp-content\/uploads\/2013\/06\/DSC06794.jpg?resize=1024%2C576 1024w, https:\/\/i0.wp.com\/osprzepiennikbiskupi.pl\/wordpress\/wp-content\/uploads\/2013\/06\/DSC06794.jpg?resize=830%2C467 830w, https:\/\/i0.wp.com\/osprzepiennikbiskupi.pl\/wordpress\/wp-content\/uploads\/2013\/06\/DSC06794.jpg?resize=230%2C129 230w, https:\/\/i0.wp.com\/osprzepiennikbiskupi.pl\/wordpress\/wp-content\/uploads\/2013\/06\/DSC06794.jpg?resize=350%2C197 350w, https:\/\/i0.wp.com\/osprzepiennikbiskupi.pl\/wordpress\/wp-content\/uploads\/2013\/06\/DSC06794.jpg?w=2340 2340w\" sizes=\"auto, (max-width: 1170px) 100vw, 1170px\" \/><\/span><\/p>\n<\/div>\n<div style=\"text-align: center;\">\n<p>&nbsp;<\/p>\n<p><span style=\"color: #000000;\"><img data-recalc-dims=\"1\" loading=\"lazy\" decoding=\"async\" data-attachment-id=\"1089\" data-permalink=\"http:\/\/osprzepiennikbiskupi.pl\/wordpress\/strona-glowna\/cala_straz-2\/\" data-orig-file=\"https:\/\/i0.wp.com\/osprzepiennikbiskupi.pl\/wordpress\/wp-content\/uploads\/2013\/06\/cala_straz-1.jpeg?fit=1500%2C979\" data-orig-size=\"1500,979\" data-comments-opened=\"0\" data-image-meta=\"{&quot;aperture&quot;:&quot;0&quot;,&quot;credit&quot;:&quot;&quot;,&quot;camera&quot;:&quot;&quot;,&quot;caption&quot;:&quot;&quot;,&quot;created_timestamp&quot;:&quot;0&quot;,&quot;copyright&quot;:&quot;&quot;,&quot;focal_length&quot;:&quot;0&quot;,&quot;iso&quot;:&quot;0&quot;,&quot;shutter_speed&quot;:&quot;0&quot;,&quot;title&quot;:&quot;&quot;,&quot;orientation&quot;:&quot;1&quot;}\" data-image-title=\"cala_straz\" data-image-description=\"\" data-image-caption=\"\" data-large-file=\"https:\/\/i0.wp.com\/osprzepiennikbiskupi.pl\/wordpress\/wp-content\/uploads\/2013\/06\/cala_straz-1.jpeg?fit=1024%2C668\" class=\"aligncenter wp-image-1089 size-full\" src=\"https:\/\/i0.wp.com\/osprzepiennikbiskupi.pl\/wordpress\/wp-content\/uploads\/2013\/06\/cala_straz-1.jpeg?resize=1170%2C764\" alt=\"cala_straz\" width=\"1170\" height=\"764\" srcset=\"https:\/\/i0.wp.com\/osprzepiennikbiskupi.pl\/wordpress\/wp-content\/uploads\/2013\/06\/cala_straz-1.jpeg?w=1500 1500w, https:\/\/i0.wp.com\/osprzepiennikbiskupi.pl\/wordpress\/wp-content\/uploads\/2013\/06\/cala_straz-1.jpeg?resize=300%2C196 300w, https:\/\/i0.wp.com\/osprzepiennikbiskupi.pl\/wordpress\/wp-content\/uploads\/2013\/06\/cala_straz-1.jpeg?resize=768%2C501 768w, https:\/\/i0.wp.com\/osprzepiennikbiskupi.pl\/wordpress\/wp-content\/uploads\/2013\/06\/cala_straz-1.jpeg?resize=1024%2C668 1024w, https:\/\/i0.wp.com\/osprzepiennikbiskupi.pl\/wordpress\/wp-content\/uploads\/2013\/06\/cala_straz-1.jpeg?resize=830%2C542 830w, https:\/\/i0.wp.com\/osprzepiennikbiskupi.pl\/wordpress\/wp-content\/uploads\/2013\/06\/cala_straz-1.jpeg?resize=230%2C150 230w, https:\/\/i0.wp.com\/osprzepiennikbiskupi.pl\/wordpress\/wp-content\/uploads\/2013\/06\/cala_straz-1.jpeg?resize=350%2C228 350w\" sizes=\"auto, (max-width: 1170px) 100vw, 1170px\" \/><\/span><\/p>\n<p><span style=\"color: #000000;\"><img data-recalc-dims=\"1\" loading=\"lazy\" decoding=\"async\" data-attachment-id=\"1088\" data-permalink=\"http:\/\/osprzepiennikbiskupi.pl\/wordpress\/strona-glowna\/nowe-3\/\" data-orig-file=\"https:\/\/i0.wp.com\/osprzepiennikbiskupi.pl\/wordpress\/wp-content\/uploads\/2013\/06\/nowe-1.png?fit=1500%2C865\" data-orig-size=\"1500,865\" data-comments-opened=\"0\" data-image-meta=\"{&quot;aperture&quot;:&quot;0&quot;,&quot;credit&quot;:&quot;&quot;,&quot;camera&quot;:&quot;&quot;,&quot;caption&quot;:&quot;&quot;,&quot;created_timestamp&quot;:&quot;0&quot;,&quot;copyright&quot;:&quot;&quot;,&quot;focal_length&quot;:&quot;0&quot;,&quot;iso&quot;:&quot;0&quot;,&quot;shutter_speed&quot;:&quot;0&quot;,&quot;title&quot;:&quot;&quot;,&quot;orientation&quot;:&quot;0&quot;}\" data-image-title=\"nowe\" data-image-description=\"\" data-image-caption=\"\" data-large-file=\"https:\/\/i0.wp.com\/osprzepiennikbiskupi.pl\/wordpress\/wp-content\/uploads\/2013\/06\/nowe-1.png?fit=1024%2C591\" class=\"aligncenter wp-image-1088 size-full\" src=\"https:\/\/i0.wp.com\/osprzepiennikbiskupi.pl\/wordpress\/wp-content\/uploads\/2013\/06\/nowe-1.png?resize=1170%2C675\" alt=\"nowe\" width=\"1170\" height=\"675\" srcset=\"https:\/\/i0.wp.com\/osprzepiennikbiskupi.pl\/wordpress\/wp-content\/uploads\/2013\/06\/nowe-1.png?w=1500 1500w, https:\/\/i0.wp.com\/osprzepiennikbiskupi.pl\/wordpress\/wp-content\/uploads\/2013\/06\/nowe-1.png?resize=300%2C173 300w, https:\/\/i0.wp.com\/osprzepiennikbiskupi.pl\/wordpress\/wp-content\/uploads\/2013\/06\/nowe-1.png?resize=768%2C443 768w, https:\/\/i0.wp.com\/osprzepiennikbiskupi.pl\/wordpress\/wp-content\/uploads\/2013\/06\/nowe-1.png?resize=1024%2C591 1024w, https:\/\/i0.wp.com\/osprzepiennikbiskupi.pl\/wordpress\/wp-content\/uploads\/2013\/06\/nowe-1.png?resize=830%2C479 830w, https:\/\/i0.wp.com\/osprzepiennikbiskupi.pl\/wordpress\/wp-content\/uploads\/2013\/06\/nowe-1.png?resize=230%2C133 230w, https:\/\/i0.wp.com\/osprzepiennikbiskupi.pl\/wordpress\/wp-content\/uploads\/2013\/06\/nowe-1.png?resize=350%2C202 350w\" sizes=\"auto, (max-width: 1170px) 100vw, 1170px\" \/><\/span><\/p>\n<address style=\"text-align: center;\"><span style=\"color: #000000;\">\u00a0<\/span><\/address>\n<\/div>\n","protected":false},"excerpt":{"rendered":"<p>Ochotnicza Stra\u017c Po\u017carna w Rzepienniku Biskupim . Rok powstania: 1960\u00a0 \u00a0 \u00a0 \u00a0 \u00a0 Zarz\u0105d: \u00a0 \u00a0 \u00a0 \u00a0Prezes: \u00a0 \u00a0 \u00a0 \u00a0 \u00a0 \u00a0 \u00a0 \u00a0 \u00a0 \u00a0 \u00a0 \u00a0 \u00a0 \u00a0 \u00a0 \u00a0 Kie\u0142tyka \u0141ukasz \u00a0 \u00a0 \u00a0Wiceprezes: \u00a0 \u00a0 \u00a0 \u00a0 \u00a0 \u00a0 \u00a0 \u00a0 \u00a0 \u00a0 \u00a0 \u00a0Serafin Zdzis\u0142aw \u00a0 \u00a0 \u00a0Naczelnik: \u00a0 \u00a0 \u00a0 \u00a0 \u00a0 \u00a0 \u00a0 \u00a0 \u00a0 \u00a0 \u00a0 \u00a0 \u00a0 \u00a0Wiktorek Pawe\u0142 \u00a0 \u00a0 \u00a0Zast\u0119pca Naczelnika: \u00a0 \u00a0 \u00a0 \u00a0 Serafin [&hellip;]<\/p>\n","protected":false},"author":3,"featured_media":0,"parent":0,"menu_order":1,"comment_status":"closed","ping_status":"closed","template":"","meta":{"jetpack_post_was_ever_published":false,"footnotes":""},"class_list":["post-20","page","type-page","status-publish","hentry"],"yoast_head":"<!-- This site is optimized with the Yoast SEO plugin v26.7 - https:\/\/yoast.com\/wordpress\/plugins\/seo\/ -->\n<title>Ochotnicza Stra\u017c Po\u017carna Rzepiennik Biskupi<\/title>\n<meta name=\"description\" content=\"Strona internetowa Ochotniczej Stra\u017cy Po\u017carnej w Rzepienniku Biskupim\" \/>\n<meta name=\"robots\" content=\"index, follow, max-snippet:-1, max-image-preview:large, max-video-preview:-1\" \/>\n<link rel=\"canonical\" href=\"https:\/\/osprzepiennikbiskupi.pl\/wordpress\/\" \/>\n<meta property=\"og:locale\" content=\"pl_PL\" \/>\n<meta property=\"og:type\" content=\"article\" \/>\n<meta property=\"og:title\" content=\"Ochotnicza Stra\u017c Po\u017carna Rzepiennik Biskupi\" \/>\n<meta property=\"og:description\" content=\"Strona internetowa Ochotniczej Stra\u017cy Po\u017carnej w Rzepienniku Biskupim\" \/>\n<meta property=\"og:url\" content=\"https:\/\/osprzepiennikbiskupi.pl\/wordpress\/\" \/>\n<meta property=\"og:site_name\" content=\"OSP Rzepiennik Biskupi\" \/>\n<meta property=\"article:modified_time\" content=\"2016-05-01T12:25:18+00:00\" \/>\n<meta property=\"og:image\" content=\"http:\/\/osprzepiennikbiskupi.pl\/wordpress\/wp-content\/uploads\/2013\/06\/DSC06794.jpg\" \/>\n<meta name=\"twitter:card\" content=\"summary_large_image\" \/>\n<script type=\"application\/ld+json\" class=\"yoast-schema-graph\">{\"@context\":\"https:\/\/schema.org\",\"@graph\":[{\"@type\":\"WebPage\",\"@id\":\"https:\/\/osprzepiennikbiskupi.pl\/wordpress\/\",\"url\":\"https:\/\/osprzepiennikbiskupi.pl\/wordpress\/\",\"name\":\"Ochotnicza Stra\u017c Po\u017carna Rzepiennik Biskupi\",\"isPartOf\":{\"@id\":\"https:\/\/osprzepiennikbiskupi.pl\/wordpress\/#website\"},\"primaryImageOfPage\":{\"@id\":\"https:\/\/osprzepiennikbiskupi.pl\/wordpress\/#primaryimage\"},\"image\":{\"@id\":\"https:\/\/osprzepiennikbiskupi.pl\/wordpress\/#primaryimage\"},\"thumbnailUrl\":\"http:\/\/osprzepiennikbiskupi.pl\/wordpress\/wp-content\/uploads\/2013\/06\/DSC06794.jpg\",\"datePublished\":\"2013-06-09T05:11:43+00:00\",\"dateModified\":\"2016-05-01T12:25:18+00:00\",\"description\":\"Strona internetowa Ochotniczej Stra\u017cy Po\u017carnej w Rzepienniku Biskupim\",\"breadcrumb\":{\"@id\":\"https:\/\/osprzepiennikbiskupi.pl\/wordpress\/#breadcrumb\"},\"inLanguage\":\"pl-PL\",\"potentialAction\":[{\"@type\":\"ReadAction\",\"target\":[\"https:\/\/osprzepiennikbiskupi.pl\/wordpress\/\"]}]},{\"@type\":\"ImageObject\",\"inLanguage\":\"pl-PL\",\"@id\":\"https:\/\/osprzepiennikbiskupi.pl\/wordpress\/#primaryimage\",\"url\":\"https:\/\/i0.wp.com\/osprzepiennikbiskupi.pl\/wordpress\/wp-content\/uploads\/2013\/06\/DSC06794.jpg?fit=2992%2C1683\",\"contentUrl\":\"https:\/\/i0.wp.com\/osprzepiennikbiskupi.pl\/wordpress\/wp-content\/uploads\/2013\/06\/DSC06794.jpg?fit=2992%2C1683\",\"width\":2992,\"height\":1683,\"caption\":\"SONY DSC\"},{\"@type\":\"BreadcrumbList\",\"@id\":\"https:\/\/osprzepiennikbiskupi.pl\/wordpress\/#breadcrumb\",\"itemListElement\":[{\"@type\":\"ListItem\",\"position\":1,\"name\":\"Strona g\u0142\u00f3wna\",\"item\":\"https:\/\/osprzepiennikbiskupi.pl\/wordpress\/\"},{\"@type\":\"ListItem\",\"position\":2,\"name\":\"Strona G\u0142\u00f3wna\"}]},{\"@type\":\"WebSite\",\"@id\":\"https:\/\/osprzepiennikbiskupi.pl\/wordpress\/#website\",\"url\":\"https:\/\/osprzepiennikbiskupi.pl\/wordpress\/\",\"name\":\"OSP Rzepiennik Biskupi\",\"description\":\"\",\"potentialAction\":[{\"@type\":\"SearchAction\",\"target\":{\"@type\":\"EntryPoint\",\"urlTemplate\":\"https:\/\/osprzepiennikbiskupi.pl\/wordpress\/?s={search_term_string}\"},\"query-input\":{\"@type\":\"PropertyValueSpecification\",\"valueRequired\":true,\"valueName\":\"search_term_string\"}}],\"inLanguage\":\"pl-PL\"}]}<\/script>\n<!-- \/ Yoast SEO plugin. -->","yoast_head_json":{"title":"Ochotnicza Stra\u017c Po\u017carna Rzepiennik Biskupi","description":"Strona internetowa Ochotniczej Stra\u017cy Po\u017carnej w Rzepienniku Biskupim","robots":{"index":"index","follow":"follow","max-snippet":"max-snippet:-1","max-image-preview":"max-image-preview:large","max-video-preview":"max-video-preview:-1"},"canonical":"https:\/\/osprzepiennikbiskupi.pl\/wordpress\/","og_locale":"pl_PL","og_type":"article","og_title":"Ochotnicza Stra\u017c Po\u017carna Rzepiennik Biskupi","og_description":"Strona internetowa Ochotniczej Stra\u017cy Po\u017carnej w Rzepienniku Biskupim","og_url":"https:\/\/osprzepiennikbiskupi.pl\/wordpress\/","og_site_name":"OSP Rzepiennik Biskupi","article_modified_time":"2016-05-01T12:25:18+00:00","og_image":[{"url":"http:\/\/osprzepiennikbiskupi.pl\/wordpress\/wp-content\/uploads\/2013\/06\/DSC06794.jpg","type":"","width":"","height":""}],"twitter_card":"summary_large_image","schema":{"@context":"https:\/\/schema.org","@graph":[{"@type":"WebPage","@id":"https:\/\/osprzepiennikbiskupi.pl\/wordpress\/","url":"https:\/\/osprzepiennikbiskupi.pl\/wordpress\/","name":"Ochotnicza Stra\u017c Po\u017carna Rzepiennik Biskupi","isPartOf":{"@id":"https:\/\/osprzepiennikbiskupi.pl\/wordpress\/#website"},"primaryImageOfPage":{"@id":"https:\/\/osprzepiennikbiskupi.pl\/wordpress\/#primaryimage"},"image":{"@id":"https:\/\/osprzepiennikbiskupi.pl\/wordpress\/#primaryimage"},"thumbnailUrl":"http:\/\/osprzepiennikbiskupi.pl\/wordpress\/wp-content\/uploads\/2013\/06\/DSC06794.jpg","datePublished":"2013-06-09T05:11:43+00:00","dateModified":"2016-05-01T12:25:18+00:00","description":"Strona internetowa Ochotniczej Stra\u017cy Po\u017carnej w Rzepienniku Biskupim","breadcrumb":{"@id":"https:\/\/osprzepiennikbiskupi.pl\/wordpress\/#breadcrumb"},"inLanguage":"pl-PL","potentialAction":[{"@type":"ReadAction","target":["https:\/\/osprzepiennikbiskupi.pl\/wordpress\/"]}]},{"@type":"ImageObject","inLanguage":"pl-PL","@id":"https:\/\/osprzepiennikbiskupi.pl\/wordpress\/#primaryimage","url":"https:\/\/i0.wp.com\/osprzepiennikbiskupi.pl\/wordpress\/wp-content\/uploads\/2013\/06\/DSC06794.jpg?fit=2992%2C1683","contentUrl":"https:\/\/i0.wp.com\/osprzepiennikbiskupi.pl\/wordpress\/wp-content\/uploads\/2013\/06\/DSC06794.jpg?fit=2992%2C1683","width":2992,"height":1683,"caption":"SONY DSC"},{"@type":"BreadcrumbList","@id":"https:\/\/osprzepiennikbiskupi.pl\/wordpress\/#breadcrumb","itemListElement":[{"@type":"ListItem","position":1,"name":"Strona g\u0142\u00f3wna","item":"https:\/\/osprzepiennikbiskupi.pl\/wordpress\/"},{"@type":"ListItem","position":2,"name":"Strona G\u0142\u00f3wna"}]},{"@type":"WebSite","@id":"https:\/\/osprzepiennikbiskupi.pl\/wordpress\/#website","url":"https:\/\/osprzepiennikbiskupi.pl\/wordpress\/","name":"OSP Rzepiennik Biskupi","description":"","potentialAction":[{"@type":"SearchAction","target":{"@type":"EntryPoint","urlTemplate":"https:\/\/osprzepiennikbiskupi.pl\/wordpress\/?s={search_term_string}"},"query-input":{"@type":"PropertyValueSpecification","valueRequired":true,"valueName":"search_term_string"}}],"inLanguage":"pl-PL"}]}},"jetpack_sharing_enabled":true,"jetpack_shortlink":"https:\/\/wp.me\/P74VFp-k","jetpack-related-posts":[{"id":370,"url":"http:\/\/osprzepiennikbiskupi.pl\/wordpress\/galeria\/","url_meta":{"origin":20,"position":0},"title":"Galeria","author":"Dawid Stankowski","date":"22 kwietnia 2014","format":false,"excerpt":"01.07.2017 - Rozpocz\u0119cie Odpustu Tuchowskiego 01.07.2017 - Rozpocz\u0119cie Odpustu Tuchowskiego 15.04.2017 -\u00a0 Warta przy Grobie Pa\u0144skim. 07.02.2017 - Zebranie sprawozdawcze. \u00a0 01.07.2016 - Rozpocz\u0119cie Odpustu Tuchowskiego. 25.06.2016 - Gminne zawody sportowo - po\u017carnicze 2016. 01.06.2016 - Dzie\u0144 Dziecka w remizie OSP Rzepiennik Biskupi. 20.05.2016 - Ewakuacja przedszkola. 01.05.2016 - Uroczysto\u015b\u0107\u2026","rel":"","context":"Podobny wpis","block_context":{"text":"Podobny wpis","link":""},"img":{"alt_text":"","src":"","width":0,"height":0},"classes":[]},{"id":1124,"url":"http:\/\/osprzepiennikbiskupi.pl\/wordpress\/a-l-a-r-m-o-w-a-n-i-e\/","url_meta":{"origin":20,"position":1},"title":"A L A R M O W A N I E !","author":"Dawid Stankowski","date":"31 stycznia 2016","format":false,"excerpt":"O tym, \u017ce w przypadku zauwa\u017cenia po\u017caru trzeba zadzwoni\u0107 na telefon alarmowy stra\u017cy po\u017carnej 998 lub 112, wie ka\u017cdy. Nie wszyscy jednak wiedz\u0105, \u017ce ka\u017cdy kto zauwa\u017cy po\u017car jest zobowi\u0105zany zaalarmowa\u0107\u00a0o nim najbli\u017csze otoczenie i stra\u017c. Zg\u0142aszaj\u0105c po\u017car nale\u017cy poda\u0107: Gdzie si\u0119 pali, lub wyst\u0105pi\u0142o\u00a0zagro\u017cenie? - najlepiej poda\u0107 dok\u0142adny adres,\u2026","rel":"","context":"Podobny wpis","block_context":{"text":"Podobny wpis","link":""},"img":{"alt_text":"","src":"","width":0,"height":0},"classes":[]},{"id":96,"url":"http:\/\/osprzepiennikbiskupi.pl\/wordpress\/nowa-strona\/","url_meta":{"origin":20,"position":2},"title":"Aktualno\u015bci","author":"Dawid Stankowski","date":"8 czerwca 2013","format":false,"excerpt":"","rel":"","context":"Podobny wpis","block_context":{"text":"Podobny wpis","link":""},"img":{"alt_text":"","src":"","width":0,"height":0},"classes":[]},{"id":1258,"url":"http:\/\/osprzepiennikbiskupi.pl\/wordpress\/polityka-prywatnosci\/","url_meta":{"origin":20,"position":3},"title":"Polityka prywatno\u015bci","author":"Dawid Stankowski","date":"23 lipca 2018","format":false,"excerpt":"Kim jeste\u015bmy OSP Rzepiennik Biskupi Adres naszej strony internetowej to: http:\/\/osprzepiennikbiskupi.pl\/wordpress. Jakie dane osobiste zbieramy i dlaczego je zbieramy Komentarze Kiedy odwiedzaj\u0105cy witryn\u0119 zostawia komentarz, zbieramy dane widoczne w formularzu komentowania, jak i adres IP odwiedzaj\u0105cego oraz podpis jego przegl\u0105darki jako pomoc przy wykrywaniu spamu. Zanonimizowany ci\u0105g znak\u00f3w stworzony na\u2026","rel":"","context":"Podobny wpis","block_context":{"text":"Podobny wpis","link":""},"img":{"alt_text":"","src":"","width":0,"height":0},"classes":[]},{"id":1122,"url":"http:\/\/osprzepiennikbiskupi.pl\/wordpress\/jot\/","url_meta":{"origin":20,"position":4},"title":"JOT","author":"Dawid Stankowski","date":"31 stycznia 2016","format":false,"excerpt":"Jednostka Operacyjno \u2013 Techniczna (JOT) - to grupa stra\u017cak\u00f3w mog\u0105cych bra\u0107 udzia\u0142 w dzia\u0142aniach ratowniczo - ga\u015bniczych. Wymagania dla JOT to: wiek od 18 do 65 lat, aktualne badania lekarskie dopuszczaj\u0105ce do brania udzia\u0142u w dzia\u0142aniach ratowniczo - ga\u015bniczych, wyszkolenie przynajmniej stopnia podstawowego, \u00a0 Cz\u0142onkowie JOT w OSP Rzepiennik Biskupi:\u2026","rel":"","context":"Podobny wpis","block_context":{"text":"Podobny wpis","link":""},"img":{"alt_text":"","src":"","width":0,"height":0},"classes":[]},{"id":1189,"url":"http:\/\/osprzepiennikbiskupi.pl\/wordpress\/spisczlonkow\/","url_meta":{"origin":20,"position":5},"title":"Cz\u0142onkowie","author":"Dawid Stankowski","date":"6 kwietnia 2016","format":false,"excerpt":"Obecnie w stra\u017cy jest 35 cz\u0142onk\u00f3w. \u00a0 Oraz o\u015bmiu honorowych: \u00a0 Eugeniusz Kie\u0142tyka, Eugeniusz Hadalski, Lucjan G\u0105sior, Kazimierz Kie\u0142tyka, Stanis\u0142aw Wal, Wies\u0142aw Fudala, Wies\u0142aw Witek, Zdzis\u0142aw Kie\u0142tyka,","rel":"","context":"Podobny wpis","block_context":{"text":"Podobny wpis","link":""},"img":{"alt_text":"","src":"","width":0,"height":0},"classes":[]}],"_links":{"self":[{"href":"http:\/\/osprzepiennikbiskupi.pl\/wordpress\/wp-json\/wp\/v2\/pages\/20","targetHints":{"allow":["GET"]}}],"collection":[{"href":"http:\/\/osprzepiennikbiskupi.pl\/wordpress\/wp-json\/wp\/v2\/pages"}],"about":[{"href":"http:\/\/osprzepiennikbiskupi.pl\/wordpress\/wp-json\/wp\/v2\/types\/page"}],"author":[{"embeddable":true,"href":"http:\/\/osprzepiennikbiskupi.pl\/wordpress\/wp-json\/wp\/v2\/users\/3"}],"replies":[{"embeddable":true,"href":"http:\/\/osprzepiennikbiskupi.pl\/wordpress\/wp-json\/wp\/v2\/comments?post=20"}],"version-history":[{"count":122,"href":"http:\/\/osprzepiennikbiskupi.pl\/wordpress\/wp-json\/wp\/v2\/pages\/20\/revisions"}],"predecessor-version":[{"id":1208,"href":"http:\/\/osprzepiennikbiskupi.pl\/wordpress\/wp-json\/wp\/v2\/pages\/20\/revisions\/1208"}],"wp:attachment":[{"href":"http:\/\/osprzepiennikbiskupi.pl\/wordpress\/wp-json\/wp\/v2\/media?parent=20"}],"curies":[{"name":"wp","href":"https:\/\/api.w.org\/{rel}","templated":true}]}}